{"version":"1.0","provider_name":"Les Sentiers","provider_url":"https:\/\/lessentiers.ca\/en\/","author_name":"mebweb_sentiers","author_url":"https:\/\/lessentiers.ca\/en\/author\/mebweb_sentiers\/","title":"C\u00d4T\u00c9, Fran\u00e7ois - Les Sentiers","type":"rich","width":600,"height":338,"html":"<blockquote class=\"wp-embedded-content\" data-secret=\"JN7bb7P7PY\"><a href=\"https:\/\/lessentiers.ca\/en\/defunt\/cote-francois\/\">C\u00d4T\u00c9, Fran\u00e7ois<\/a><\/blockquote><iframe sandbox=\"allow-scripts\" security=\"restricted\" src=\"https:\/\/lessentiers.ca\/en\/defunt\/cote-francois\/embed\/#?secret=JN7bb7P7PY\" width=\"600\" height=\"338\" title=\"&#8220;C\u00d4T\u00c9, Fran\u00e7ois&#8221; &#8212; Les Sentiers\" data-secret=\"JN7bb7P7PY\" frameborder=\"0\" marginwidth=\"0\" marginheight=\"0\" scrolling=\"no\" class=\"wp-embedded-content\"><\/iframe><script type=\"text\/javascript\">\n\/* <![CDATA[ *\/\n\/*! This file is auto-generated *\/\n!function(d,l){\"use strict\";l.querySelector&&d.addEventListener&&\"undefined\"!=typeof URL&&(d.wp=d.wp||{},d.wp.receiveEmbedMessage||(d.wp.receiveEmbedMessage=function(e){var t=e.data;if((t||t.secret||t.message||t.value)&&!\/[^a-zA-Z0-9]\/.test(t.secret)){for(var s,r,n,a=l.querySelectorAll('iframe[data-secret=\"'+t.secret+'\"]'),o=l.querySelectorAll('blockquote[data-secret=\"'+t.secret+'\"]'),c=new RegExp(\"^https?:$\",\"i\"),i=0;i<o.length;i++)o[i].style.display=\"none\";for(i=0;i<a.length;i++)s=a[i],e.source===s.contentWindow&&(s.removeAttribute(\"style\"),\"height\"===t.message?(1e3<(r=parseInt(t.value,10))?r=1e3:~~r<200&&(r=200),s.height=r):\"link\"===t.message&&(r=new URL(s.getAttribute(\"src\")),n=new URL(t.value),c.test(n.protocol))&&n.host===r.host&&l.activeElement===s&&(d.top.location.href=t.value))}},d.addEventListener(\"message\",d.wp.receiveEmbedMessage,!1),l.addEventListener(\"DOMContentLoaded\",function(){for(var e,t,s=l.querySelectorAll(\"iframe.wp-embedded-content\"),r=0;r<s.length;r++)(t=(e=s[r]).getAttribute(\"data-secret\"))||(t=Math.random().toString(36).substring(2,12),e.src+=\"#?secret=\"+t,e.setAttribute(\"data-secret\",t)),e.contentWindow.postMessage({message:\"ready\",secret:t},\"*\")},!1)))}(window,document);\n\/\/# sourceURL=https:\/\/lessentiers.ca\/wp-includes\/js\/wp-embed.min.js\n\/* ]]> *\/\n<\/script>\n","description":"Accidentellement, le 3 mars 2021, est d\u00e9c\u00e9d\u00e9 M Fran\u00e7ois C\u00f4t\u00e9 \u00e0 l\u2019\u00e2ge de 51 ans, fils de Robert C\u00f4t\u00e9 et Monique H\u00e9bert. Outre ses parents, il laisse dans le deuil sa conjointe Caroline Ethier, ses enfants Anouk, Lo\u00efc et Florent, son fr\u00e8re Michel (St\u00e9phanie), ses neveux et ni\u00e8ces Alysse, Julien, \u00c9lyane, Zachary, ses beaux-parents Luc [&hellip;]","thumbnail_url":"https:\/\/lessentiers.ca\/wp-content\/uploads\/2021\/10\/LesSentiers_ImagePartage_Facebook.jpg","thumbnail_width":1200,"thumbnail_height":628}

CÔTÉ, François - Les Sentiers

<blockquote class="wp-embedded-content" data-secret="JN7bb7P7PY"><a href="https://lessentiers.ca/en/defunt/cote-francois/">CÔTÉ, François</a></blockquote><iframe sandbox="allow-scripts" security="restricted" src="https://lessentiers.ca/en/defunt/cote-francois/embed/#?secret=JN7bb7P7PY" width="600" height="338" title="&#8220;CÔTÉ, François&#8221; &#8212; Les Sentiers" data-secret="JN7bb7P7PY" frameborder="0" marginwidth="0" marginheight="0" scrolling="no" class="wp-embedded-content"></iframe><script type="text/javascript">
/* <![CDATA[ */
/*! This file is auto-generated */
!function(d,l){"use strict";l.querySelector&&d.addEventListener&&"undefined"!=typeof URL&&(d.wp=d.wp||{},d.wp.receiveEmbedMessage||(d.wp.receiveEmbedMessage=function(e){var t=e.data;if((t||t.secret||t.message||t.value)&&!/[^a-zA-Z0-9]/.test(t.secret)){for(var s,r,n,a=l.querySelectorAll('iframe[data-secret="'+t.secret+'"]'),o=l.querySelectorAll('blockquote[data-secret="'+t.secret+'"]'),c=new RegExp("^https?:$","i"),i=0;i<o.length;i++)o[i].style.display="none";for(i=0;i<a.length;i++)s=a[i],e.source===s.contentWindow&&(s.removeAttribute("style"),"height"===t.message?(1e3<(r=parseInt(t.value,10))?r=1e3:~~r<200&&(r=200),s.height=r):"link"===t.message&&(r=new URL(s.getAttribute("src")),n=new URL(t.value),c.test(n.protocol))&&n.host===r.host&&l.activeElement===s&&(d.top.location.href=t.value))}},d.addEventListener("message",d.wp.receiveEmbedMessage,!1),l.addEventListener("DOMContentLoaded",function(){for(var e,t,s=l.querySelectorAll("iframe.wp-embedded-content"),r=0;r<s.length;r++)(t=(e=s[r]).getAttribute("data-secret"))||(t=Math.random().toString(36).substring(2,12),e.src+="#?secret="+t,e.setAttribute("data-secret",t)),e.contentWindow.postMessage({message:"ready",secret:t},"*")},!1)))}(window,document);
//# sourceURL=https://lessentiers.ca/wp-includes/js/wp-embed.min.js
/* ]]> */
</script>

Accidentellement, le 3 mars 2021, est décédé M François Côté à l’âge de 51 ans, fils de Robert Côté et Monique Hébert. Outre ses parents, il laisse dans le deuil sa conjointe Caroline Ethier, ses enfants Anouk, Loïc et Florent, son frère Michel (Stéphanie), ses neveux et nièces Alysse, Julien, Élyane, Zachary, ses beaux-parents Luc [&hellip;]
