{"version":"1.0","provider_name":"Les Sentiers","provider_url":"https:\/\/lessentiers.ca\/en\/","author_name":"mebweb_sentiers","author_url":"https:\/\/lessentiers.ca\/en\/author\/mebweb_sentiers\/","title":"LAPIERRE, Raynald - Les Sentiers","type":"rich","width":600,"height":338,"html":"<blockquote class=\"wp-embedded-content\" data-secret=\"98KfwRkkA2\"><a href=\"https:\/\/lessentiers.ca\/en\/defunt\/lapierre-raynald\/\">LAPIERRE, Raynald<\/a><\/blockquote><iframe sandbox=\"allow-scripts\" security=\"restricted\" src=\"https:\/\/lessentiers.ca\/en\/defunt\/lapierre-raynald\/embed\/#?secret=98KfwRkkA2\" width=\"600\" height=\"338\" title=\"&#8220;LAPIERRE, Raynald&#8221; &#8212; Les Sentiers\" data-secret=\"98KfwRkkA2\" frameborder=\"0\" marginwidth=\"0\" marginheight=\"0\" scrolling=\"no\" class=\"wp-embedded-content\"><\/iframe><script type=\"text\/javascript\">\n\/* <![CDATA[ *\/\n\/*! This file is auto-generated *\/\n!function(d,l){\"use strict\";l.querySelector&&d.addEventListener&&\"undefined\"!=typeof URL&&(d.wp=d.wp||{},d.wp.receiveEmbedMessage||(d.wp.receiveEmbedMessage=function(e){var t=e.data;if((t||t.secret||t.message||t.value)&&!\/[^a-zA-Z0-9]\/.test(t.secret)){for(var s,r,n,a=l.querySelectorAll('iframe[data-secret=\"'+t.secret+'\"]'),o=l.querySelectorAll('blockquote[data-secret=\"'+t.secret+'\"]'),c=new RegExp(\"^https?:$\",\"i\"),i=0;i<o.length;i++)o[i].style.display=\"none\";for(i=0;i<a.length;i++)s=a[i],e.source===s.contentWindow&&(s.removeAttribute(\"style\"),\"height\"===t.message?(1e3<(r=parseInt(t.value,10))?r=1e3:~~r<200&&(r=200),s.height=r):\"link\"===t.message&&(r=new URL(s.getAttribute(\"src\")),n=new URL(t.value),c.test(n.protocol))&&n.host===r.host&&l.activeElement===s&&(d.top.location.href=t.value))}},d.addEventListener(\"message\",d.wp.receiveEmbedMessage,!1),l.addEventListener(\"DOMContentLoaded\",function(){for(var e,t,s=l.querySelectorAll(\"iframe.wp-embedded-content\"),r=0;r<s.length;r++)(t=(e=s[r]).getAttribute(\"data-secret\"))||(t=Math.random().toString(36).substring(2,12),e.src+=\"#?secret=\"+t,e.setAttribute(\"data-secret\",t)),e.contentWindow.postMessage({message:\"ready\",secret:t},\"*\")},!1)))}(window,document);\n\/\/# sourceURL=https:\/\/lessentiers.ca\/wp-includes\/js\/wp-embed.min.js\n\/* ]]> *\/\n<\/script>\n","description":"La famille de RAYNALD LAPIERRE a le regret d\u2019annoncer son d\u00e9c\u00e8s, survenu \u00e0 Mirabel le lundi 21 juin 2021, \u00e0 l\u2019\u00e2ge de 57 ans. Fils de feu R\u00e9al Lapierre, il laisse dans le deuil sa m\u00e8re Elmire Cormier, sa conjointe Sylvie Poirier, sa fille Charlotte (William), les enfants de sa conjointe Catherine (Matthew), Mathieu (Jan\u00e9e) [&hellip;]","thumbnail_url":"https:\/\/lessentiers.ca\/wp-content\/uploads\/2021\/10\/LesSentiers_ImagePartage_Facebook.jpg","thumbnail_width":1200,"thumbnail_height":628}

La famille de RAYNALD LAPIERRE a le regret d’annoncer son décès, survenu à Mirabel le lundi 21 juin 2021, à l’âge de 57 ans. Fils de feu Réal Lapierre, il laisse dans le deuil sa mère Elmire Cormier, sa conjointe Sylvie Poirier, sa fille Charlotte (William), les enfants de sa conjointe Catherine (Matthew), Mathieu (Janée) [&hellip;]
